?
True
Is 1819758841 a composite number?
True
Is 6804655783 a prime number?
True
Is 5319564559 a composite number?
False
Is 2400685933 a composite number?
True
Is 10921795399 a composite number?
True
Is 1520558531 a prime number?
True
Is 4295027117 a prime number?
False
Is 14600372461 prime?
True
Is 5420907131 prime?
True
Is 351413197 a prime number?
True
Is 30959689 composite?
False
Is 24684513083 composite?
False
Is 1433438443 a prime number?
False
Is 21727183 a composite number?
False
Is 1167544013 a prime number?
True
Is 1101450635 composite?
True
Is 734871749 a composite number?
False
Is 20684754689 prime?
True
Is 1235437711 a composite number?
True
Is 99144901 composite?
True
Is 1834629619 a prime number?
True
Is 516236866 a composite number?
True
Is 1100222657 prime?
False
Is 32895449773 a prime number?
True
Is 8199143009 prime?
True
Is 11390365393 prime?
False
Is 234877735 a prime number?
False
Is 130578457 composite?
False
Is 1048601921 prime?
True
Is 196430911567 a composite number?
True
Is 55539450607 prime?
False
Is 4417926517 composite?
False
Is 1215259649 composite?
True
Is 2964066503 prime?
True
Is 1061588111 prime?
True
Is 26386604869 a composite number?
True
Is 60222187313 composite?
False
Is 320046353 composite?
True
Is 748012553 prime?
True
Is 488411671 a prime number?
False
Is 2618276449 a composite number?
False
Is 7675275607 a composite number?
True
Is 1206947627 composite?
True
Is 2720342279 prime?
True
Is 41656849 a prime number?
False
Is 975109501 prime?
True
Is 1719783427 prime?
False
Is 14968761001 composite?
True
Is 311299073 prime?
True
Is 35552236243 a composite number?
True
Is 840745063 a prime number?
True
Is 12505466153 a composite number?
False
Is 8661415129 prime?
True
Is 545757799 prime?
True
Is 2722961671 a composite number?
True
Is 142981871 prime?
True
Is 1107163361 a prime number?
True
Is 254674913 prime?
True
Is 12745779653 composite?
True
Is 1646606581 a prime number?
False
Is 3718912546 a prime number?
False
Is 19481686247 prime?
False
Is 2349512639 a composite number?
False
Is 16734119 a prime number?
True
Is 9001512839 a prime number?
False
Is 35854911881 prime?
True
Is 6906699523 a prime number?
True
Is 113908272223 composite?
False
Is 811818533 a prime number?
True
Is 14339779 composite?
False
Is 44011142011 a prime number?
True
Is 605107541 a composite number?
True
Is 1210510421 composite?
False
Is 28489313591 prime?
True
Is 173424884167 prime?
False
Is 2121725759 prime?
False
Is 2085053395 composite?
True
Is 13772903 composite?
False
Is 58375033463 a composite number?
False
Is 311195351 a composite number?
False
Is 28733755931 prime?
False
Is 74007761 composite?
False
Is 1757058517 a composite number?
True
Is 8693260339 a prime number?
False
Is 587120587 composite?
False
Is 526745767 a prime number?
True
Is 1436683609 a composite number?
False
Is 476479837 composite?
False
Is 770808377 prime?
True
Is 184949050733 composite?
False
Is 3340762193 a composite number?
False
Is 13455953897 a composite number?
False
Is 1585116919 a composite number?
True
Is 685516753 a prime number?
False
Is 65165883149 a composite number?
False
Is 56339916401 prime?
False
Is 27474516841 prime?
True
Is 14659113011 a prime number?
True
Is 559211717 prime?
False
Is 7021864589 composite?
True
Is 6332678309 a prime number?
True
Is 1378984583 prime?
True
Is 6828863133 prime?
False
Is 16288441571 prime?
False
Is 16524615449 a prime number?
True
Is 405813353 composite?
True
Is 2944525949 a composite number?
False
Is 107197397 prime?
False
Is 326703599 a prime number?
False
Is 160572353 a prime number?
True
Is 859474529 a composite number?
True
Is 38459403097 prime?
False
Is 32927153821 composite?
False
Is 284080763 composite?
True
Is 126697642423 composite?
True
Is 776061823 a composite number?
False
Is 47552678383 a prime number?
False
Is 2318694361 a composite number?
True
Is 303511573 a prime number?
False
Is 1441903063 composite?
False
Is 15604690831 prime?
False
Is 28016422415 prime?
False
Is 170998341697 composite?
False
Is 2447254837 prime?
False
Is 11058586007 a composite number?
True
Is 1121110871 composite?
False
Is 253066897 prime?
True
Is 84605866933 prime?
False
Is 9800867309 prime?
True
Is 29188092599 prime?
False
Is 7837985867 composite?
True
Is 1534487026 a prime number?
False
Is 714661377691 a prime number?
True
Is 984451007 prime?
True
Is 6766593819 a prime number?
False
Is 584480047 prime?
False
Is 41319785869 composite?
False
Is 7239705854 prime?
False
Is 1521738353 a prime number?
True
Is 1076254793 a prime number?
True
Is 869193491 a composite number?
True
Is 2701571801 a composite number?
False
Is 12953988667 a composite number?
False
Is 3461676653 a prime number?
False
Is 7976467115 prime?
False
Is 668151691 composite?
True
Is 7227016127 a prime number?
False
Is 43173291257 prime?
False
Is 25568134847 composite?
False
Is 446346821 a composite number?
True
Is 4179217951 prime?
False
Is 576665218 composite?
True
Is 12925836545 a composite number?
True
Is 20801644793 composite?
False
Is 8260257494 a composite number?
True
Is 124166890231 a prime number?
True
Is 2440316701 prime?
True
Is 130468067 prime?
True
Is 382449424585 prime?
False
Is 281900973 composite?
True
Is 607504769 a composite number?
True
Is 71253472883 a prime number?
False
Is 2678250317 prime?
False
Is 306961379 prime?
False
Is 77030441 a prime number?
True
Is 139183117433 a prime number?
True
Is 26556971281 a prime number?
True
Is 66683373481 a composite number?
True
Is 36647534867 a prime number?
False
Is 59074126691 a composite number?
False
Is 470810987 prime?
False
Is 5020547731 a composite number?
False
Is 247513759 prime?
True
Is 11531380807 a prime number?
False
Is 648328007 composite?
True
Is 1708644593 composite?
True
Is 28658093447 composite?
False
Is 65881032209 a prime number?
True
Is 9116342669 a prime number?
False
Is 10141023554 composite?
True
Is 24491790997 a prime number?
True
Is 2865975221 prime?
True
Is 7518330355 a composite number?
True
Is 311263879 a composite number?
False
Is 51067853 prime?
True
Is 155353603 a prime number?
False
Is 206911684051 prime?
False
Is 99561842203 a composite number?
False
Is 4133501453 prime?
True
Is 14412663373 composite?
True
Is 907806221 composite?
True
Is 15228579403 composite?
False
Is 427748423 a composite number?
True
Is 1252321813 prime?
False
Is 20515085309 composite?
False
Is 5350191149 prime?
True
Is 3925013683 prime?
True
Is 42635219467 composite?
False
Is 294909401441 a prime number?
True
Is 2152159967 a prime number?
True
Is 3303391933 a prime number?
True
Is 473672849 a composite number?
True
Is 13438975339 a composite number?
True
Is 2975739419 composite?
False
Is 151842787 prime?
False
Is 15000580099 a prime number?
True
Is 326606573 prime?
True
Is 4056267977 a prime number?
True
Is 6233613283 a prime number?
True
Is 118678771 composite?
True
Is 1442754919 a prime number?
False
Is 56758781 a composite number?
True
Is 8182186751 composite?
True
Is 291830853 a composite number?
True
Is 771037903 prime?
True
Is 1781205157 composite?
True
Is 9355947917 a prime number?
True
Is 4126101383 prime?
True
Is 494199235 a composite number?
True
Is 27768991 prime?
True
Is 4170885449 a composite number?
False
Is 51480820955 prime?
False
Is 12819065669 composite?
False
Is 18659110079 a prime number?
True
Is 162070059743 a prime number?
True
Is 6108655937 prime?
False
Is 74387309 a composite number?
False
Is 5055917369 a composite number?
False
Is 65373902303 a composite number?
False
Is 122897039 a prime number?
True
Is 2190135667 a composite number?
False
Is 14733044393 composite?
True
Is 52514200241 prime?
True
Is 26627875253 a composite number?
True
Is 836407799 composite?
False
Is 4813069439 composite?
False
Is 246053261 prime?
True
Is 3811817203 prime?
False
Is 1067244509 prime?
True
Is 855336133 a composite number?
False
Is 29698779919 composite?
False
Is 305947919 a prime number?
True
Is 119859904471 a composite number?
False
Is 193955891 a prime number?
True
Is 8158436509 a composite number?
False
Is 48614116669 a prime number?
False
Is 317953001 prime?
True
Is 4478275601 prime?
False
Is 57657617777 composite?
True
Is 9215236729 prime?
True
Is 2777328001 a prime number?
Fal